r of 12773 and 10604.
241
Calculate the greatest common divisor of 221 and 92.
1
Calculate the highest common factor of 33855 and 930.
15
What is the greatest common divisor of 177 and 6343?
1
Calculate the highest common divisor of 2205 and 1806336.
441
What is the greatest common factor of 3074193 and 729?
729
Calculate the highest common factor of 3509804 and 89.
89
What is the highest common factor of 46 and 3841?
23
What is the highest common factor of 2018855 and 4975?
995
Calculate the highest common divisor of 56245 and 27319.
1607
What is the greatest common divisor of 63304 and 4439?
193
Calculate the highest common divisor of 15507 and 2.
1
What is the highest common divisor of 3 and 1110900?
3
What is the greatest common factor of 117 and 5463?
9
Calculate the highest common divisor of 424 and 169865.
53
What is the greatest common factor of 11 and 720269?
11
Calculate the highest common divisor of 329 and 705047.
329
Calculate the highest common factor of 14784 and 252.
84
Calculate the highest common factor of 306 and 21182.
34
What is the highest common divisor of 1056 and 5379?
33
What is the greatest common divisor of 263 and 15?
1
Calculate the highest common divisor of 52896 and 35148.
348
What is the highest common factor of 528 and 37224?
264
What is the greatest common factor of 38 and 378974?
38
Calculate the greatest common factor of 26 and 1903902.
26
What is the highest common factor of 1022 and 487129?
73
What is the greatest common divisor of 642945 and 105?
15
Calculate the highest common factor of 448 and 6944.
224
Calculate the greatest common factor of 2607 and 21567.
237
What is the greatest common factor of 700 and 255136?
28
Calculate the greatest common factor of 3078 and 92397.
57
What is the greatest common divisor of 33 and 326502?
33
What is the greatest common divisor of 67913 and 1803?
601
Calculate the greatest common divisor of 282975 and 3185.
245
What is the greatest common factor of 18 and 3951?
9
What is the highest common factor of 120645 and 1295?
35
Calculate the highest common factor of 5784408 and 966.
966
What is the greatest common divisor of 608 and 232769?
19
Calculate the greatest common factor of 21771 and 27.
9
What is the highest common divisor of 90080 and 1440?
160
Calculate the highest common factor of 14852 and 17484.
188
What is the highest common factor of 48645 and 15?
15
Calculate the greatest common factor of 100664 and 104.
8
Calculate the greatest common factor of 213192 and 36.
36
Calculate the greatest common factor of 96 and 48288.
96
Calculate the highest common divisor of 111 and 4809112.
37
What is the highest common factor of 471 and 137375?
157
What is the highest common factor of 99960 and 196?
196
What is the greatest common divisor of 79776 and 64?
32
What is the greatest common divisor of 695520 and 30?
30
What is the highest common factor of 385189 and 98?
49
Calculate the highest common divisor of 31783 and 74.
37
What is the highest common factor of 153 and 20529?
9
Calculate the highest common divisor of 22846 and 2.
2
What is the greatest common divisor of 452 and 534377?
113
Calculate the highest common factor of 141 and 21009.
141
What is the greatest common factor of 5933 and 901?
17
Calculate the greatest common factor of 34117 and 9483.
109
Calculate the greatest common divisor of 1063 and 24.
1
What is the greatest common factor of 88700 and 3650?
50
Calculate the highest common factor of 118639 and 667.
29
What is the highest common divisor of 664 and 14093400?
664
Calculate the greatest common divisor of 8027 and 3059.
23
What is the greatest common factor of 489 and 246130?
163
What is the highest common divisor of 37 and 2504863?
37
What is the greatest common factor of 538524 and 756?
252
What is the greatest common factor of 128973 and 39?
39
Calculate the highest common divisor of 1510984 and 536.
536
What is the highest common factor of 8742 and 12?
6
Calculate the highest common divisor of 2040 and 10836.
12
Calculate the greatest common divisor of 36 and 555912.
36
What is the greatest common factor of 70 and 298150?
10
What is the highest common factor of 3096 and 903?
129
Calculate the highest common factor of 95 and 4253.
1
Calculate the highest common divisor of 6441 and 4068.
339
Calculate the greatest common factor of 249 and 48.
3
What is the highest common divisor of 29350 and 625?
25
Calculate the greatest common divisor of 90 and 7515.
45
Calculate the highest common divisor of 6 and 2194098.
6
What is the highest common factor of 96885 and 720?
45
Calculate the greatest common divisor of 2200 and 707300.
1100
What is the highest common divisor of 131036 and 34?
34
Calculate the highest common factor of 170 and 283660.
10
Calculate the highest common divisor of 91205 and 51.
17
Calculate the greatest common divisor of 3358 and 76291.
23
Calculate the highest common divisor of 2783304 and 696.
696
Calculate the highest common factor of 1347 and 696399.
1347
What is the highest common divisor of 33300 and 777?
111
Calculate the highest common divisor of 645 and 8686.
43
Calculate the greatest common divisor of 29678 and 77.
11
Calculate the greatest common factor of 112772 and 699.
233
Calculate the greatest common divisor of 1015 and 36743.
203
What is the highest common divisor of 16668 and 6612?
12
Calculate the greatest common factor of 158 and 42186.
158
What is the greatest common divisor of 5397 and 2372367?
771
What is the highest common divisor of 49 and 276752?
49
What is the greatest common divisor of 4563 and 2379?
39
What is the greatest common factor of 848 and 5777?
53
What is the greatest common factor of 56651 and 14?
7
What is the greatest common factor of 159391 and 19?
19
Calculate the highest common divisor of 1 and 23627.
1
Calculate the highest common factor of 4194 and 78754.
466
Calculate the highest common factor of 1400 and 26936.
56
Calculate the highest common divisor of 19954 and 6.
2
Calculate the highest common divisor of 6739854 and 1122.
1122
Calculate the greatest common factor of 19585 and 15.
5
What is the highest common factor of 34 and 3111?
17
What is the greatest common divisor of 112845 and 285?
15
Calculate the greatest common factor of 30940 and 30719.
221
Calculate the greatest common factor of 200 and 4700.
100
What is the highest common factor of 909 and 920817?
909
Calculate the greatest common factor of 26247 and 546.
39
What is the highest common divisor of 480 and 13136?
16
Calculate the highest common divisor of 363276 and 27.
9
What is the highest common factor of 652 and 10269?
163
Calculate the highest common divisor of 15106 and 78.
26
What is the greatest common divisor of 1806 and 1344?
42
Calculate the highest common factor of 120043 and 1771.
77
What is the greatest common factor of 4875 and 67125?
375
Calculate the highest common divisor of 9048 and 870.
174
Calculate the highest common factor of 208 and 1113073.
13
What is the greatest common factor of 12963 and 1192?
149
What is the highest common divisor of 3332 and 63749?
49
What is the greatest common factor of 1769109 and 82?
41
Calculate the greatest common factor of 78970 and 1590.
530
Calculate the highest common factor of 33038 and 2.
2
What is the greatest common factor of 275162 and 816?
34
Calculate the greatest common factor of 1240 and 42935.
155
Calculate the greatest common factor of 1936 and 128.
16
What is the highest common divisor of 1428 and 81753?
357
Calculate the highest common factor of 28 and 2485.
7
What is the greatest common divisor of 48 and 219216?
48
Calculate the highest common factor of 428616 and 2520.
72
Calculate the highest common divisor of 2605 and 145.
5
What is the highest common factor of 115872 and 192?
96
What is the highest common divisor of 139 and 1042778?
139
Calculate the highest common divisor of 91525 and 70.
35
Calculate the highest common factor of 162 and 2973240.
54
Calculate the greatest common divisor of 77670 and 36.
18
Calculate the greatest common divisor of 22317 and 77331.
519
Calculate the greatest common divisor of 2279630 and 10.
10
What is the greatest common factor of 743104 and 34?
34
What is the greatest common divisor of 2745 and 88938?
549
What i